{"id":3,"date":"2024-05-02T12:44:49","date_gmt":"2024-05-02T12:44:49","guid":{"rendered":"https:\/\/pa-mi.ch\/?page_id=3"},"modified":"2025-03-05T19:12:27","modified_gmt":"2025-03-05T19:12:27","slug":"privacy-policy","status":"publish","type":"page","link":"https:\/\/pa-mi.ch\/?page_id=3","title":{"rendered":"Datenschutzerkl\u00e4rung"},"content":{"rendered":"\n<h2 class=\"wp-block-heading\">\u00dcber uns<\/h2>\n\n\n\n<p>Wir sind Mirjam und Patrick Riem. Die Webseite pa-mi.ch ist prim\u00e4r zur Kommunikation mit unseren Hochzeitsg\u00e4sten gedacht.<\/p>\n\n\n\n<h2 class=\"wp-block-heading\">Fotos<\/h2>\n\n\n\n<p>Alle Rechte an den Bildern auf dieser Webseite geh\u00f6ren uns. Vielen Dank johanna f\u00fcr diese hervorgl\u00e4nzenden Fotos.<\/p>\n\n\n\n<h2 class=\"wp-block-heading\">Cookies<\/h2>\n\n\n\n<p>Diese Webseite speichert keine Cookies. Die einzigen Daten, die gespeichert werden, sind im Session Storage. Sie werden beim verlassen automatisch gel\u00f6scht.<\/p>\n\n\n\n<h2 class=\"wp-block-heading\">Daten<\/h2>\n\n\n\n<p>Wir haben f\u00fcr das pers\u00f6nliche Nutzererlebnis auf dem Server die Namen und Vornamen der eingeladenen G\u00e4ste gespeichert. Sie sind verkn\u00fcpft mit eurer G\u00e4stenummer auf der Einladung, die Daten sind also nicht \u00f6ffentlich. Beim Anmelden werden eure Daten in Form von Post- und E-Mail Adresse erfasst und gespeichert. Sie werden verschl\u00fcsselt an den Server \u00fcbermittelt und sind nur von uns zug\u00e4nglich. Die Daten werden genutzt um die Anzahl G\u00e4ste an der Hochzeit abzusch\u00e4tzen und um die Dankesschreiben an die angegebene Postadresse senden zu k\u00f6nnen. Die E-Mail wird benutzt um die Anmeldebest\u00e4tigung zu versenden.<\/p>\n\n\n\n<h2 class=\"wp-block-heading\">Welche Rechte hast du \u00fcber deine Daten<\/h2>\n\n\n\n<p>Du hast das Recht einen Auszug s\u00e4mtlicher pers\u00f6nlicher Daten, die dich betreffen, von uns zu beziehen. Wir werden deine Daten L\u00f6schen, wenn du das w\u00fcnschst. Willst du deine Daten nicht \u00fcber das Anmeldeformular \u00fcbermitteln, kannst du die gerne per E-Mail bei uns anmelden.<\/p>\n","protected":false},"excerpt":{"rendered":"<p>\u00dcber uns Wir sind Mirjam und Patrick Riem. Die Webseite pa-mi.ch ist prim\u00e4r zur Kommunikation mit unseren Hochzeitsg\u00e4sten gedacht. Fotos Alle Rechte an den Bildern auf dieser Webseite geh\u00f6ren uns. Vielen Dank johanna f\u00fcr diese hervorgl\u00e4nzenden Fotos. Cookies Diese Webseite speichert keine Cookies. Die einzigen Daten, die gespeichert werden, sind im Session Storage. Sie werden [&hellip;]<\/p>\n","protected":false},"author":1,"featured_media":0,"parent":0,"menu_order":0,"comment_status":"closed","ping_status":"closed","template":"","meta":{"footnotes":""},"class_list":["post-3","page","type-page","status-publish","hentry"],"yoast_head":"<!-- This site is optimized with the Yoast SEO plugin v22.6 - https:\/\/yoast.com\/wordpress\/plugins\/seo\/ -->\n<title>Datenschutzerkl\u00e4rung - MIRJAM &amp; PATRICK<\/title>\n<meta name=\"robots\" content=\"index, follow, max-snippet:-1, max-image-preview:large, max-video-preview:-1\" \/>\n<link rel=\"canonical\" href=\"https:\/\/pa-mi.ch\/?page_id=3\" \/>\n<meta property=\"og:locale\" content=\"de_DE\" \/>\n<meta property=\"og:type\" content=\"article\" \/>\n<meta property=\"og:title\" content=\"Datenschutzerkl\u00e4rung - MIRJAM &amp; PATRICK\" \/>\n<meta property=\"og:description\" content=\"\u00dcber uns Wir sind Mirjam und Patrick Riem. Die Webseite pa-mi.ch ist prim\u00e4r zur Kommunikation mit unseren Hochzeitsg\u00e4sten gedacht. Fotos Alle Rechte an den Bildern auf dieser Webseite geh\u00f6ren uns. Vielen Dank johanna f\u00fcr diese hervorgl\u00e4nzenden Fotos. Cookies Diese Webseite speichert keine Cookies. Die einzigen Daten, die gespeichert werden, sind im Session Storage. Sie werden [&hellip;]\" \/>\n<meta property=\"og:url\" content=\"https:\/\/pa-mi.ch\/?page_id=3\" \/>\n<meta property=\"og:site_name\" content=\"MIRJAM &amp; PATRICK\" \/>\n<meta property=\"article:modified_time\" content=\"2025-03-05T19:12:27+00:00\" \/>\n<meta name=\"twitter:card\" content=\"summary_large_image\" \/>\n<meta name=\"twitter:label1\" content=\"Gesch\u00e4tzte Lesezeit\" \/>\n\t<meta name=\"twitter:data1\" content=\"2\u00a0Minuten\" \/>\n<script type=\"application\/ld+json\" class=\"yoast-schema-graph\">{\"@context\":\"https:\/\/schema.org\",\"@graph\":[{\"@type\":\"WebPage\",\"@id\":\"https:\/\/pa-mi.ch\/?page_id=3\",\"url\":\"https:\/\/pa-mi.ch\/?page_id=3\",\"name\":\"Datenschutzerkl\u00e4rung - MIRJAM &amp; PATRICK\",\"isPartOf\":{\"@id\":\"https:\/\/pa-mi.ch\/#website\"},\"datePublished\":\"2024-05-02T12:44:49+00:00\",\"dateModified\":\"2025-03-05T19:12:27+00:00\",\"breadcrumb\":{\"@id\":\"https:\/\/pa-mi.ch\/?page_id=3#breadcrumb\"},\"inLanguage\":\"de\",\"potentialAction\":[{\"@type\":\"ReadAction\",\"target\":[\"https:\/\/pa-mi.ch\/?page_id=3\"]}]},{\"@type\":\"BreadcrumbList\",\"@id\":\"https:\/\/pa-mi.ch\/?page_id=3#breadcrumb\",\"itemListElement\":[{\"@type\":\"ListItem\",\"position\":1,\"name\":\"Startseite\",\"item\":\"https:\/\/pa-mi.ch\/\"},{\"@type\":\"ListItem\",\"position\":2,\"name\":\"Datenschutzerkl\u00e4rung\"}]},{\"@type\":\"WebSite\",\"@id\":\"https:\/\/pa-mi.ch\/#website\",\"url\":\"https:\/\/pa-mi.ch\/\",\"name\":\"MIRJAM &amp; PATRICK\",\"description\":\"\",\"publisher\":{\"@id\":\"https:\/\/pa-mi.ch\/#organization\"},\"potentialAction\":[{\"@type\":\"SearchAction\",\"target\":{\"@type\":\"EntryPoint\",\"urlTemplate\":\"https:\/\/pa-mi.ch\/?s={search_term_string}\"},\"query-input\":\"required name=search_term_string\"}],\"inLanguage\":\"de\"},{\"@type\":\"Organization\",\"@id\":\"https:\/\/pa-mi.ch\/#organization\",\"name\":\"MIRJAM &amp; PATRICK\",\"url\":\"https:\/\/pa-mi.ch\/\",\"logo\":{\"@type\":\"ImageObject\",\"inLanguage\":\"de\",\"@id\":\"https:\/\/pa-mi.ch\/#\/schema\/logo\/image\/\",\"url\":\"https:\/\/pa-mi.ch\/wp-content\/uploads\/2024\/05\/cropped-Icon-1.png\",\"contentUrl\":\"https:\/\/pa-mi.ch\/wp-content\/uploads\/2024\/05\/cropped-Icon-1.png\",\"width\":512,\"height\":512,\"caption\":\"MIRJAM &amp; PATRICK\"},\"image\":{\"@id\":\"https:\/\/pa-mi.ch\/#\/schema\/logo\/image\/\"}}]}<\/script>\n<!-- \/ Yoast SEO plugin. -->","yoast_head_json":{"title":"Datenschutzerkl\u00e4rung - MIRJAM &amp; PATRICK","robots":{"index":"index","follow":"follow","max-snippet":"max-snippet:-1","max-image-preview":"max-image-preview:large","max-video-preview":"max-video-preview:-1"},"canonical":"https:\/\/pa-mi.ch\/?page_id=3","og_locale":"de_DE","og_type":"article","og_title":"Datenschutzerkl\u00e4rung - MIRJAM &amp; PATRICK","og_description":"\u00dcber uns Wir sind Mirjam und Patrick Riem. Die Webseite pa-mi.ch ist prim\u00e4r zur Kommunikation mit unseren Hochzeitsg\u00e4sten gedacht. Fotos Alle Rechte an den Bildern auf dieser Webseite geh\u00f6ren uns. Vielen Dank johanna f\u00fcr diese hervorgl\u00e4nzenden Fotos. Cookies Diese Webseite speichert keine Cookies. Die einzigen Daten, die gespeichert werden, sind im Session Storage. Sie werden [&hellip;]","og_url":"https:\/\/pa-mi.ch\/?page_id=3","og_site_name":"MIRJAM &amp; PATRICK","article_modified_time":"2025-03-05T19:12:27+00:00","twitter_card":"summary_large_image","twitter_misc":{"Gesch\u00e4tzte Lesezeit":"2\u00a0Minuten"},"schema":{"@context":"https:\/\/schema.org","@graph":[{"@type":"WebPage","@id":"https:\/\/pa-mi.ch\/?page_id=3","url":"https:\/\/pa-mi.ch\/?page_id=3","name":"Datenschutzerkl\u00e4rung - MIRJAM &amp; PATRICK","isPartOf":{"@id":"https:\/\/pa-mi.ch\/#website"},"datePublished":"2024-05-02T12:44:49+00:00","dateModified":"2025-03-05T19:12:27+00:00","breadcrumb":{"@id":"https:\/\/pa-mi.ch\/?page_id=3#breadcrumb"},"inLanguage":"de","potentialAction":[{"@type":"ReadAction","target":["https:\/\/pa-mi.ch\/?page_id=3"]}]},{"@type":"BreadcrumbList","@id":"https:\/\/pa-mi.ch\/?page_id=3#breadcrumb","itemListElement":[{"@type":"ListItem","position":1,"name":"Startseite","item":"https:\/\/pa-mi.ch\/"},{"@type":"ListItem","position":2,"name":"Datenschutzerkl\u00e4rung"}]},{"@type":"WebSite","@id":"https:\/\/pa-mi.ch\/#website","url":"https:\/\/pa-mi.ch\/","name":"MIRJAM &amp; PATRICK","description":"","publisher":{"@id":"https:\/\/pa-mi.ch\/#organization"},"potentialAction":[{"@type":"SearchAction","target":{"@type":"EntryPoint","urlTemplate":"https:\/\/pa-mi.ch\/?s={search_term_string}"},"query-input":"required name=search_term_string"}],"inLanguage":"de"},{"@type":"Organization","@id":"https:\/\/pa-mi.ch\/#organization","name":"MIRJAM &amp; PATRICK","url":"https:\/\/pa-mi.ch\/","logo":{"@type":"ImageObject","inLanguage":"de","@id":"https:\/\/pa-mi.ch\/#\/schema\/logo\/image\/","url":"https:\/\/pa-mi.ch\/wp-content\/uploads\/2024\/05\/cropped-Icon-1.png","contentUrl":"https:\/\/pa-mi.ch\/wp-content\/uploads\/2024\/05\/cropped-Icon-1.png","width":512,"height":512,"caption":"MIRJAM &amp; PATRICK"},"image":{"@id":"https:\/\/pa-mi.ch\/#\/schema\/logo\/image\/"}}]}},"_links":{"self":[{"href":"https:\/\/pa-mi.ch\/index.php?rest_route=\/wp\/v2\/pages\/3","targetHints":{"allow":["GET"]}}],"collection":[{"href":"https:\/\/pa-mi.ch\/index.php?rest_route=\/wp\/v2\/pages"}],"about":[{"href":"https:\/\/pa-mi.ch\/index.php?rest_route=\/wp\/v2\/types\/page"}],"author":[{"embeddable":true,"href":"https:\/\/pa-mi.ch\/index.php?rest_route=\/wp\/v2\/users\/1"}],"replies":[{"embeddable":true,"href":"https:\/\/pa-mi.ch\/index.php?rest_route=%2Fwp%2Fv2%2Fcomments&post=3"}],"version-history":[{"count":2,"href":"https:\/\/pa-mi.ch\/index.php?rest_route=\/wp\/v2\/pages\/3\/revisions"}],"predecessor-version":[{"id":363,"href":"https:\/\/pa-mi.ch\/index.php?rest_route=\/wp\/v2\/pages\/3\/revisions\/363"}],"wp:attachment":[{"href":"https:\/\/pa-mi.ch\/index.php?rest_route=%2Fwp%2Fv2%2Fmedia&parent=3"}],"curies":[{"name":"wp","href":"https:\/\/api.w.org\/{rel}","templated":true}]}}